) = -p**2 + 27*p + 13. What is s(a)?
13
Let y(f) = -213*f - 5135. Let q be y(-24). Let n(x) = x + 48. What is n(q)?
25
Let k(q) be the third derivative of 0*q + 0 - 53*q**2 - 1/12*q**4 + 0*q**3 + 1/30*q**5. Calculate k(2).
4
Let i(f) = -5*f**2 + 2274*f**3 - 2273*f**3 + 3*f - 4 + f**2. What is i(5)?
36
Let t(b) = 2*b**2 + 42*b + 29 - 6 - b**2 + 14*b - 52*b. Calculate t(0).
23
Let z(t) = t + 4. Let u be z(0). Let p(d) be the third derivative of 0 + 63*d**2 + d + 1/2*d**3 - 1/12*d**4. Determine p(u).
-5
Let r(d) = -4*d + 6. Let u(q) = q. Let f(a) = r(a) + 3*u(a). Suppose -2*h + 5*h = 27. Suppose h*j - 5*j = 40. Give f(j).
-4
Let d(i) = -7*i + 14. Let o(h) = -2*h + 5. Let n(b) = 6*d(b) - 17*o(b). Suppose 24*p + 3*j = 6, 3*j - 87 = -4*p - 121. Determine n(p).
-17
Let x(v) = -8*v - 46. Let o = -3386 + 3380. Calculate x(o).
2
Let s(n) = 5*n**2 + n**3 - 66 + 13*n + 43 - 6*n**2 + 17*n**2. Let d be s(-15). Let a(g) = 2 - 3 - d + 4 + g. Determine a(3).
-1
Let o(j) = -30*j**2 + 1. Let h = 65 - 62. Suppose h*w = -3*b - 3, 4*w - 3*b = -b - 4. What is o(w)?
-29
Let g be (-14)/(-6) + (-24)/(-36). Let c(s) = g + 4 - 7*s - 6. Suppose 3*k + p = 2, 2*k + 2*p = k - 1. What is c(k)?
-6
Let x(f) = -f**3 + 5*f**2 - f - 1. Suppose -62 = -25*w + 38. Calculate x(w).
11
Suppose -4*j - 16 = -5*k, -15785*k = -3*j - 15786*k + 7. Let v(o) = 5*o**2 + 1. Let c(s) = 14*s**2 + 3. Let d(z) = 3*c(z) - 8*v(z). What is d(j)?
3
Let f(b) = -7*b + 23. Let g(d) = 7*d - 32. Let i(s) = -4*f(s) - 3*g(s). Give i(-4).
-24
Let a(h) = 6*h - 10. Suppose -5*q = 4*s + 19 - 0, 29 = -4*s + 5*q. Let c(u) = 3*u - 5. Let v(l) = s*a(l) + 13*c(l). Determine v(6).
13
Let z(w) be the third derivative of w**4/6 + w**3 + 3*w**2. Let s(n) = -5*n - 7. Let x(k) = -5*s(k) - 6*z(k). Let t be -6*(-1)/(-4)*(-24)/9. Give x(t).
3
Let o(k) be the second derivative of -2 + 18*k + 0*k**2 - 1/6*k**3. Determine o(-6).
6
Let u(v) = v**3 - 3*v**2 - 3*v. Let f be u(4). Suppose -3*z + 3*p = z - 8, -2*z - p + 14 = 0. Let n(j) = -z*j + f*j + 4*j + 9 + j. Determine n(-6).
-15
Let x(z) = 19*z**3 - 13*z**2. Let n(a) = -3*a**3 + a**2 - 1. Let i = -378 - -377. Let k(j) = i*x(j) - 6*n(j). Determine k(7).
6
Let c(t) = t**2 + 2*t - 4. Let z be (-66)/1089 + (-163)/33. What is c(z)?
11
Let c(n) = 17*n + 195. Suppose -3*u - 9 = 0, 6*f = 3*u - 71 + 8. Calculate c(f).
-9
Let t(p) = p**2 - 9. Suppose 32*b - 540 = -13*b. Suppose 0 = -b*m + 16*m. Determine t(m).
-9
Let h(s) = 1839*s**2 + 105 - 29*s + 360*s**3 - 1828*s**2 - 361*s**3. What is h(9)?
6
Let w(n) be the first derivative of n**3/3 + 7*n**2/2 - 12*n + 13. Suppose -2*b + 7*x - 3*x = 30, -3*b + x = 30. What is w(b)?
6
Let v(f) be the first derivative of -f**6/120 + f**5/15 - f**4/24 + 2*f**3/3 + f**2/2 + 14*f - 136. Let r(g) be the second derivative of v(g). Determine r(4).
0
Let r(v) = -v**3 + 8*v**2 + 8*v + 10. Let d be r(9). Let w be d*(36/(-90))/((-2)/(-30)). Let s(n) = n**3 + 7*n**2 + 5*n - 5. Determine s(w).
1
Let x = 55 - 62. Let h(p) = -4*p**3 - p**2 - p + 1. Let l(i) = 23*i**3 + 13*i - 1. Let m(w) = -6*h(w) - l(w). What is m(x)?
-5
Let f(s) = s**2 - 10*s - 39. Let c(x) = 211 + 15*x - 29*x + 11*x + 9*x. Let w be c(-33). Give f(w).
0
Let c(i) be the first derivative of i**4/4 + 2*i**3/3 - 7*i**2/2 - 4*i + 6340. Calculate c(-5).
-44
Let r(u) = -8*u + u - u - 6*u**2 - 8 + 5*u**2. Let c(s) = -2*s**3 - 22*s**2 - 12*s + 72. Let v be c(-10). Determine r(v).
-8
Let y(p) = -2*p**2 - 2*p - 3. Let d(t) = 22*t - 26. Let f be d(1). Determine y(f).
-27
Let j(z) = -9*z**3 - 8*z**2 + 16*z + 12. Let a(t) = -25*t**2 + 11*t**3 + 31*t**2 + 7 - 16*t + 4 - 24. Let l(m) = -5*a(m) - 6*j(m). What is l(17)?
10
Let u(l) = -l**3 + 22 - 50*l - 37 + 67*l + 14*l**2. What is u(15)?
15
Suppose 0 = o + w + 2 + 7, -3*o - 7*w - 43 = 0. Let q(l) = 2*l**2 + 4*l - 14. What is q(o)?
16
Let o be (11 + -14 - -16) + -5. Let r(y) = -5*y**3 + 4*y**3 + 2 + 12*y**2 - 5*y**2 + 7*y. What is r(o)?
-6
Let z(m) = m**2 - 28*m - 54. Suppose 0 = 419*o + 1484 - 4328 - 9726. Determine z(o).
6
Suppose 3*i + l + 25 = -l, 0 = 3*i + l + 23. Let g(b) be the third derivative of 0 - 1/12*b**4 - 1/6*b**3 + 0*b + 31*b**2. What is g(i)?
13
Suppose 17 = 3*d - 19. Suppose 3*o + 0*g = -g + 21, 3*o + 4*g = d. Let v(m) = m**2 - 7*m + 2. Give v(o).
10
Let k(v) = -v**2 + 2*v. Let s(w) be the first derivative of w**3/3 - w**2/2 - 111. Let u(g) = -k(g) - 3*s(g). Determine u(2).
-6
Suppose 5*n + 5*u - 45 = 0, n - 2*u + 12 = -0. Suppose 33 + 7 = 5*c. Let i(z) = -z**3 - 4 + 6*z**n + z - c*z**2 - 2*z - z**2. Calculate i(-3).
-1
Suppose 32*f = 2*f - 3720. Let l be (-186)/f + ((-18)/(-4))/(-1). Let n(s) = -s**3 - 4*s**2 - 2*s. What is n(l)?
-3
Let a(c) = -9*c**2 + 9*c - 27. Let s(r) = r**2 + r - 3. Let g(h) = h**3 - 16*h**2 + 47*h + 15. Let q be g(12). Let o(w) = q*a(w) - 27*s(w). Calculate o(1).
-54
Let w(p) be the second derivative of -p**4/12 - p**3/3 - 99*p**2/2 + 6880*p. What is w(0)?
-99
Let s be (-28)/6 - 6/(-9). Let b = 3 + s. Let g(f) = -22*f + 11. Let n(k) = 769*k - 385. Let o(r) = -35*g(r) - n(r). Determine o(b).
-1
Let t = 194 + 624. Suppose 6*g - t = -848. Let p(j) be the second derivative of j**5/20 + j**4/2 + 7*j**3/6 + j**2/2 - 2*j. What is p(g)?
-9
Let r be (2/(4/2))/((-17)/(-68)). Suppose r*y - 4 = 5*y, y = -5*d + 6. Let i(b) = 301*b**d - 2*b - 300*b**2 + 2 + 0 - 1. What is i(3)?
4
Let j(g) be the second derivative of 1 - 3/2*g**2 - 1/6*g**3 - 7*g. Determine j(8).
-11
Let a(z) = 19*z + 5. Let f(u) = 96*u + 25. Let i(j) = 11*a(j) - 2*f(j). Let l(x) = -14*x - 5. Let m(w) = 5*i(w) + 6*l(w). What is m(3)?
-2
Let v(a) be the second derivative of a**3/3 - 59*a**2/2 - 161*a + 4. What is v(24)?
-11
Let t(w) = -w**2 + 24 - 4778*w + 1586*w + 1593*w + 1596*w. What is t(-8)?
-16
Let s(i) be the third derivative of -41*i**4/12 - 5*i**3/6 + 15*i**2 - i + 12. What is s(1)?
-87
Let c(j) be the second derivative of j**4/2 - 11*j**3/2 + 15*j**2/2 - 9883*j. Calculate c(6).
33
Let q(v) = -86*v + 2. Suppose 217 = 15*m + 232. Give q(m).
88
Let u(f) = 18*f**2 - f - 1. Let w = 805 + -104. Suppose 0 = -5*c + 91 - w. Let q = 121 + c. Give u(q).
18
Let q(x) be the third derivative of -x**5/120 - 3*x**4/4 - 8*x**3 + 2*x**2 - 11*x. Let b(l) be the first derivative of q(l). What is b(-13)?
-5
Let y(a) = 62*a - 49*a + 7 - 7*a. Calculate y(-11).
-59
Let u be (-5)/(-6) - ((-10)/50 - (-145)/(-150)). Let w(f) = -3*f**2 + 6*f - 5. What is w(u)?
-5
Let a(r) be the first derivative of -r**4/24 - 7*r**3/6 - r**2/2 - 8*r - 60. Let j(n) be the second derivative of a(n). Give j(-9).
2
Let j(s) be the first derivative of 5*s**3 - 5*s**2/2 + s + 304. Let h(q) = -13*q**2 + 5*q - 1. Let g(m) = 7*h(m) + 6*j(m). Give g(4).
3
Let i(x) = 2*x + 10. Let t(b) be the third derivative of 7*b**2 + 0*b + 0*b**3 - 7/24*b**4 + 0. Let n be t(1). Determine i(n).
-4
Let y(z) = 10*z - 4. Let s(p) = 9*p + 1. Let n(t) = 5*s(t) - 4*y(t). Determine n(-2).
11
Let u(n) = 1 - 19*n**2 + 2 + 4*n**3 + 0 + 10*n + 22*n**2. Let o(f) = 3*f**3 + 2*f**2 + 9*f + 2. Let x(c) = -5*o(c) + 4*u(c). Give x(-4).
-10
Suppose 0 = 4*w + 2*m - 32, -12*m + 15*m - 18 = 0. Let a(b) = -5*b + 16. Give a(w).
-9
Let f be 20/7*(45 - 1909/46). Let t(y) = y**2 - 13*y - 14. Give t(f).
-44
Let d(f) = -f - 13. Let h(q) = -7. Let s(r) = -84. Let b(g) = 35*h(g) - 3*s(g). Let w(z) = -5*b(z) - 2*d(z). Calculate w(7).
5
Let p(f) = -f**2 + 3*f. Let r = -71 - -151. Let l = r - 57. Let i = l - 26. Give p(i).
-18
Let i(v) = 13 - 1140184*v + 1140185*v + 6. Give i(12).
31
Let d(m) = -m**3 + 10*m**2 - 11*m + 20. Let q = -502 + 511. What is d(q)?
2
Let k(p) = -1 + 3 - p + p - 6 + p. What is k(0)?
-4
Let i(v) = -1. Let o(n) = 4*n + 4. Let t(u) = 5*i(u) + o(u). Let s be 143/(-220)*4 + 3/5. Calculate t(s).
-9
Let f = -6 - 0. Let h be 4/(-2) - (f - 3). Let q(o) be the third derivative of o**4/24 + 7*o**3/6 + 6*o**2 + 51. What is q(h)?
14
Let z(b) be the third derivative of -65*b**2 - 2 + 0*b + 5/3*b**3 - 1/60*b**5 + 1/6*b**4. Give z(7).
-11
Let t(c) = c**3 + 6*c**2 + 4*c. Let a = -166 + 156. Let f be 1*a*95/190. What is t(f)?
5
Let r(b) = 6*b**2 - 22*b + 3. Let h(c) = c**2 + 84*c + 1143. Let m be h(-67). Determine r(m).
11
Let z(w) = -27*w - 2. Let u = 42 + -40. Suppose 3*s - 4*s = -u. Let p(v) = 13*v + 1. Let o(a) = s*z(a) + 5*p(a). Give o(-1).
-10
Supp